 in base 6?
24045502
Convert -6a74b2 (base 12) to base 8.
-6422006
What is 8738c8 (base 13) in base 16?
307f8a
-1110220303 (base 4) to base 2
-1010100101000110011
What is -87670 (base 13) in base 14?
-653c0
Convert 11633231 (base 7) to base 8.
4003422
34223204 (base 6) to base 2
11111111001100110100
What is 111220001002200 (base 3) in base 15?
9ac386
Convert -198092 (base 11) to base 8.
-1120721
Convert 1a526 (base 11) to base 6.
340200
-429089 (base 12) to base 7
-11642250
What is -164330 (base 11) in base 2?
-111110001010011001
What is -101101111110101011110000 (base 2) in base 14?
-185a812
206064 (base 12) to base 4
1330003030
Convert -186b81 (base 12) to base 4.
-1220030101
21000012121222 (base 3) to base 6
211453342
-26cad8a (base 14) to base 8
-107502036
Convert 1000001110011001101010 (base 2) to base 5.
1022444023
Convert -113243 (base 9) to base 16.
-1099e
What is 224465 (base 10) in base 5?
24140330
Convert b36c0 (base 14) to base 11.
275756
What is -248a56 (base 11) in base 3?
-201221112012
What is 2644002 (base 7) in base 3?
122122011020
-70529 (base 11) to base 9
-166411
Convert -192158 (base 10) to base 4.
-232322132
-5867457 (base 10) to base 11
-3348342
What is -1e1b5b (base 16) in base 15?
-28e93d
What is -3a2281 (base 12) in base 6?
-32305441
Convert 1000100001001111011100 (base 2) to base 15.
2e1ac3
-240717 (base 13) to base 8
-3213661
228751 (base 13) to base 7
6646252
Convert -101000001001001001 (base 2) to base 10.
-164425
What is 97e1 (base 16) in base 3?
1222100001
Convert -330301 (base 6) to base 16.
-6abd
What is 1291d4 (base 16) in base 13?
337c0b
Convert 9091602 (base 11) to base 13.
343c14a
What is 1244578 (base 9) in base 4?
2211310013
What is 10021032143 (base 5) in base 14?
146a489
5b9c5d (base 14) to base 10
3138827
-712535 (base 8) to base 2
-111001010101011101
Convert -453531 (base 8) to base 13.
-54ab7
316ca (base 16) to base 14
53ac2
Convert 4b1d (base 15) to base 4.
3322003
29567 (base 11) to base 9
63468
-1130301230 (base 4) to base 13
-103c79
b93a9 (base 14) to base 6
13334041
What is -46838 (base 13) in base 8?
-373471
Convert 63507313 (base 8) to base 3.
221110202020022
-21776022 (base 8) to base 6
-245040402
Convert 4557a (base 14) to base 12.
815b4
-143001020 (base 6) to base 3
-12112100022110
-2200202 (base 6) to base 8
-324612
4420413 (base 6) to base 13
79476
What is 5087177 (base 10) in base 11?
2965087
-b57dc1 (base 14) to base 4
-113120212111
-11110100111010110100 (base 2) to base 11
-62578a
-10022122120 (base 3) to base 13
-23994
Convert -101000011100111110 (base 2) to base 14.
-44554
13a68 (base 13) to base 7
212443
Convert 269843 (base 11) to base 7.
3411032
Convert -2058376 (base 9) to base 5.
-240224311
-a4c06 (base 14) to base 15
-7cb99
Convert -2331441 (base 5) to base 15.
-c9eb
246106 (base 7) to base 4
23010103
What is 179c418 (base 15) in base 7?
266140250
What is 32201301 (base 5) in base 14?
71220
-5a72cc (base 16) to base 12
-1b9a410
Convert -665151 (base 7) to base 15.
-24a33
Convert -31535423 (base 6) to base 15.
-135a66
Convert 653331 (base 8) to base 12.
a6789
Convert -5868320 (base 11) to base 10.
-10245092
-110321022 (base 4) to base 8
-247112
What is 764270 (base 8) in base 13?
8c7b6
Convert 1010001010010010100 (base 2) to base 16.
51494
2415b6 (base 12) to base 8
2163032
Convert -2240111 (base 7) to base 11.
-180329
What is -22315604 (base 7) in base 3?
-10122102100212
21101222212202 (base 3) to base 9
7358782
Convert 1011102010110220 (base 3) to base 2.
111111101011100111010111
What is -13232 (base 15) in base 10?
-61247
What is -28b951 (base 16) in base 4?
-22023211101
Convert -101673 (base 9) to base 2.
-1110101110101010
What is -1b2802 (base 12) in base 5?
-110402123
-100233302 (base 4) to base 8
-205762
4b31 (base 15) to base 8
37225
-2453336 (base 10) to base 9
-4548308
What is 282b1 (base 14) in base 15?
1e671
Convert 1072723 (base 9) to base 7.
4632153
What is 1d10d74 (base 14) in base 7?
234530504
35a87 (base 16) to base 12
a7233
What is 176718 (base 12) in base 9?
677062
9a9d26 (base 15) to base 12
2577409
Convert -57bc10 (base 13) to base 12.
-845260
What is 639361 (base 10) in base 4?
2130012001
2012120210 (base 4) to base 10
550436
Convert -10201200020 (base 3) to base 11.
-50160
284305 (base 11) to base 2
1101100100111111010
-12d83 (base 16) to base 11
-52aa0
What is 21567207 (base 9) in base 8?
47641216
-270038 (base 9) to base 6
-3303312
What is -101027 (base 10) in base 9?
-163522
What is 11212002122 (base 3) in base 14?
26b86
What is -366251 (base 7) in base 2?
-10000010111001011
3b480 (base 15) to base 11
11a846
What is 103511 (base 9) in base 16?
f0d3
What is -d7e5f9 (base 16) in base 5?
-12110232423
Convert -121021313333 (base 4) to base 13.
-149b505
10324202 (base 5) to base 12
4381a
What is -1038424 (base 9) in base 10?
-557302
Convert -220215 (base 7) to base 4.
-21121332
What is -21673126 (base 9) in base 8?
-50033464
7986227 (base 10) to base 3
120000202001012
-2530148 (base 9) to base 16
-15068f
49666 (base 12) to base 2
11000010001101110
What is -89a071 (base 12) in base 9?
-4114434
What is -16331660 (base 8) in base 4?
-32123032300
What is -281518 (base 15) in base 12?
-78ba95
Convert 10731 (base 14) to base 9.
60566
Convert -107aab (base 13) to base 6.
-12154343
166154 (base 8) to base 9
102018
What is -1000001000001011011 (base 2) in base 11?
-17210a
21033032120 (base 4) to base 10
2421656
-70a6341 (base 11) to base 13
-27a7c36
262014 (base 12) to base 9
1153077
882c48 (base 13) to base 10
3205314
What is -859705 (base 14) in base 13?
-c238c8
Convert 240580 (base 9) to base 8.
432663
-c392 (base 14) to base 6
-415432
Convert -af06f2 (base 16) to base 2.
-101011110000011011110010
145b4 (base 15) to base 11
45172
-2b583 (base 12) to base 6
-1151443
What is 11110010111100101 (base 2) in base 13?
44805
3413400024 (base 5) to base 14
100ac45
What is 22012222211202 (base 3) in base 5?
2104311021
Convert -20221 (base 4) to base 2.
-1000101001
-16403113 (base 7) to base 2
-110000110000100111001
What is -13114034214 (base 5) in base 13?
-3469b69
30246a7 (base 11) to base 9
11054001
-12b67a (base 12) to base 16
-4bbfe
Convert -767522 (base 8) to base 7.
-2122551
35b80 (base 12) to base 5
4310103
-15521321 (base 6) to base 5
-120230100
What is -731ab7 (base 13) in base 12?
-a98003
What is 1735832 (base 9) in base 2?
11101100100001010101
-12200121010 (base 3) to base 7
-644310
-2217148 (base 9) to base 12
-496315
Convert -1382452 (base 10) to base 2.
-101010001100000110100
Convert 33203111011 (base 4) to base 7.
46436626
Convert 22212100020 (base 3) to base 7.
1324455
Convert 3c693 (base 15) to base 13.
6a317
-12000021120110 (base 3) to base 11
-15595aa
3891a6 (base 11) to base 7
5130464
1065010 (base 8) to base 14
775d6
Convert -11010100111101011 (base 2) to base 9.
-175510
714134 (base 11) to base 6
40332224
What is 197b55 (base 14) in base 3?
1200222102210
What is 21010011211 (base 3) in base 12?
690aa
1000111111101011101110 (base 2) to base 13
647386
Convert -305542 (base 9) to base 8.
-541763
Convert -110100111011110000100 (base 2) to base 14.
-332192
Convert 52cbe (base 15) to base 16.
40262
-10530312 (base 6) to base 7
-2513111
What is 198932 (base 10) in base 11?
126508
What is 10111011000110011101 (base 2) in base 6?
24231553
-132803 (base 10) to base 14
-3657d
What is -3653960 (base 12) in base 9?
-21776180
-a18726 (base 13) to base 12
-131410a
What is 925a16 (base 11) in base 8?
5527437
Convert -ab6300 (base 15) to base 3.
-120101011021000
Convert 1854d2 (base 14) to base 9.
1550427
Convert 1261454 (base 7) to base 14.
4482b
-91a515 (base 15) to base 8
-32313327
Convert 1f7a7 (base 16) to base 15.
2830a
83bc8 (base 16) to base 7
4405104
-11022010210100 (base 3) to base 16
-22e1a7
Convert -9a9c (base 13) to base 12.
-105b4
Convert -272624 (base 8) to base 4.
-113112110
1069630 (base 10) to base 2
100000101001000111110
Convert -2fbac (base 16) to base 9.
-327152
-22011024 (base 5) to base 6
-4011332
Convert 100321102 (base 4) to base 2.
10000111001010010
-78568 (base 10) to base 6
-1403424
What is -2b2214b (base 12) in base 6?
-511344535
What is -235032413 (base 6) in base 7?
-52466154
What is -2993b (base 13) in base 7?
-444523
What is -5374